 1103503627 prime?
False
Is 841595017 prime?
False
Is 10398465793 a prime number?
True
Is 550677271 prime?
False
Is 27608340509 a composite number?
False
Is 940707629 a composite number?
True
Is 5259186169 composite?
False
Is 3149776389 a prime number?
False
Is 2952318373 a prime number?
True
Is 50067779 a prime number?
True
Is 1213652917 a composite number?
False
Is 27616806397 a prime number?
False
Is 4868331553 a composite number?
False
Is 122831729143 prime?
False
Is 12781464763 composite?
True
Is 25110609473 composite?
False
Is 91245874039 a prime number?
False
Is 6384718231 a composite number?
False
Is 72046400687 composite?
False
Is 3040029817 prime?
False
Is 11457919009 a prime number?
False
Is 26074703 prime?
False
Is 856486927 prime?
True
Is 1851469771 a prime number?
True
Is 1193294203 composite?
False
Is 782323207 a composite number?
False
Is 11327884709 composite?
False
Is 23889940213 a prime number?
True
Is 20485271999 a prime number?
True
Is 11538374935 composite?
True
Is 639204803 composite?
True
Is 41781402499 prime?
True
Is 53826098633 a composite number?
False
Is 136169203498 a composite number?
True
Is 6838701249 a prime number?
False
Is 23301501649 composite?
True
Is 193183271 a composite number?
True
Is 10446323119 a prime number?
False
Is 10748539411 prime?
False
Is 608440649 a prime number?
False
Is 41929667383 a prime number?
False
Is 2339477197 a prime number?
True
Is 70445795149 composite?
False
Is 349732519 prime?
True
Is 123431707153 composite?
False
Is 6050678537 a composite number?
False
Is 16976974271 a composite number?
False
Is 167973874469 a composite number?
True
Is 51245736727 a composite number?
True
Is 3619623347 prime?
True
Is 1890254855 prime?
False
Is 1755729881 a prime number?
True
Is 235930463 prime?
False
Is 31426515251 prime?
False
Is 58416692629 composite?
True
Is 1048262983 prime?
True
Is 4242528553 a composite number?
False
Is 1687858573 a composite number?
True
Is 122100028279 a prime number?
True
Is 51404489 a prime number?
True
Is 750141319 a prime number?
False
Is 654277719 prime?
False
Is 50912381347 a composite number?
False
Is 27240860487 composite?
True
Is 6897759797 a prime number?
False
Is 240710009 composite?
True
Is 1339866823 a prime number?
False
Is 1226860763 prime?
False
Is 1177815773 a prime number?
False
Is 6812048101 prime?
False
Is 1586744041 composite?
False
Is 20542532421 composite?
True
Is 5176479083 composite?
False
Is 8989673453 a composite number?
False
Is 18304229183 a prime number?
False
Is 13770267001 a prime number?
False
Is 5447211767 prime?
True
Is 21108335201 composite?
True
Is 2867950309 a composite number?
True
Is 7810529297 a composite number?
False
Is 597048838 a composite number?
True
Is 519209921 a prime number?
True
Is 189690037 prime?
True
Is 6604290403 a composite number?
True
Is 84782437 a prime number?
True
Is 712462369 a prime number?
False
Is 506237681 a prime number?
True
Is 66326040611 composite?
False
Is 564214349 a composite number?
False
Is 532840489 prime?
True
Is 10695352271 prime?
True
Is 62288179051 prime?
False
Is 8103987403 a composite number?
False
Is 2803188607 composite?
False
Is 6328156319 prime?
True
Is 15495994219 a prime number?
False
Is 457389167 a composite number?
False
Is 22619804098 a prime number?
False
Is 111695793247 a prime number?
False
Is 784794863 a composite number?
True
Is 311826322583 a prime number?
False
Is 319499815241 prime?
True
Is 88764962063 composite?
True
Is 1265392507 a prime number?
False
Is 4379975099 a prime number?
True
Is 3456904354 prime?
False
Is 31023149851 a prime number?
True
Is 70148465498 a composite number?
True
Is 1310548971 composite?
True
Is 1204978307 a prime number?
False
Is 54176460391 a composite number?
True
Is 394770361 composite?
False
Is 5526273281 a composite number?
False
Is 8976193231 a composite number?
True
Is 80657093167 a composite number?
True
Is 246043531 a prime number?
True
Is 31025053079 a prime number?
True
Is 1094739011 composite?
False
Is 38564159489 composite?
True
Is 7790692369 composite?
True
Is 151919767 prime?
True
Is 47153763523 composite?
True
Is 62212986631 a composite number?
True
Is 72868919611 composite?
False
Is 29069022977 a composite number?
False
Is 5106270847 a composite number?
False
Is 24765173581 a prime number?
True
Is 527494931 a prime number?
True
Is 574789879877 a prime number?
False
Is 3692897393 prime?
False
Is 26805931 composite?
True
Is 15362510951 a prime number?
True
Is 432339293 composite?
False
Is 44751293423 a prime number?
False
Is 2133564881 a prime number?
False
Is 7414644287 composite?
True
Is 4519906009 a composite number?
False
Is 45757364749 a prime number?
True
Is 55169718101 a composite number?
False
Is 32656840253 a prime number?
False
Is 19338985709 prime?
False
Is 691951555 composite?
True
Is 137256257 a composite number?
False
Is 5553028469 prime?
False
Is 12221168047 composite?
True
Is 4868437559 composite?
False
Is 265024621 composite?
True
Is 88113881 a prime number?
False
Is 441416281 a prime number?
True
Is 25438907518 a prime number?
False
Is 17661478309 a prime number?
False
Is 1619254379 a composite number?
False
Is 287595179 a composite number?
False
Is 7428769598 prime?
False
Is 477502303 a prime number?
False
Is 831769673 prime?
False
Is 6627366401 prime?
False
Is 113201821 a composite number?
False
Is 6795283663 prime?
False
Is 130057253 composite?
False
Is 988161281 composite?
False
Is 6256124837 prime?
True
Is 597907993 prime?
False
Is 1331486623 a composite number?
False
Is 23191520897 composite?
True
Is 1328827471 a prime number?
True
Is 4339516469 a composite number?
True
Is 545754997 a prime number?
False
Is 33697790293 a composite number?
True
Is 55907209603 composite?
True
Is 123098839 prime?
False
Is 1394650423 prime?
True
Is 322250947 composite?
False
Is 71489495699 a composite number?
False
Is 7736844043 prime?
True
Is 503928613 a prime number?
True
Is 819717871 prime?
False
Is 1467884891 composite?
True
Is 200473709 a composite number?
False
Is 1683317434 a composite number?
True
Is 846177451 prime?
False
Is 1005100049 prime?
True
Is 28057439317 prime?
False
Is 607504229 composite?
False
Is 850610807 prime?
True
Is 7791614227 composite?
False
Is 1239703667 a prime number?
True
Is 730110209 a composite number?
True
Is 2885335051 a composite number?
False
Is 1416591667 composite?
True
Is 34297487417 a prime number?
False
Is 3012866167 a prime number?
True
Is 3584735503 a prime number?
False
Is 18410353597 composite?
True
Is 3237262487 prime?
True
Is 15523728523 composite?
False
Is 355017209 a composite number?
True
Is 1075474837 composite?
False
Is 17678942441 a composite number?
False
Is 1513162853 prime?
True
Is 1540355189 a composite number?
True
Is 8666311853 composite?
False
Is 3651619229 prime?
False
Is 174821875627 prime?
False
Is 15983623937 composite?
True
Is 16449866 a composite number?
True
Is 1511453171 a composite number?
False
Is 5483202881 composite?
True
Is 15828356099 prime?
False
Is 1032031177 a composite number?
True
Is 129265441 a composite number?
True
Is 1623745729 prime?
False
Is 105558999401 composite?
False
Is 5422572223 a composite number?
False
Is 1374248269 a prime number?
True
Is 162634915207 a prime number?
True
Is 128696083 a prime number?
True
Is 165287191 composite?
True
Is 1572481829 prime?
True
Is 1268222141 prime?
True
Is 9998737081 composite?
True
Is 425100301 prime?
True
Is 4010889007 a prime number?
False
Is 177545 composite?
True
Is 9202934431 a composite number?
True
Is 96927186193 a prime number?
True
Is 2946268051 prime?
True
Is 57763583 a composite number?
False
Is 334532498863 a prime number?
False
Is 943876887 a composite number?
True
Is 111259703 a prime number?
False
Is 1392634861 a composite number?
True
Is 82711953041 a composite number?
False
Is 415655599 a prime number?
True
Is 29502270551 prime?
False
Is 1518612929 composite?
False
Is 13217460689 a prime number?
True
Is 3743584426 a composite number?
True
Is 163165891 a prime number?
False
Is 34169725253 prime?
False
Is 577486877 a prime number?
False
Is 2606156997 a prime number?
False
Is 12098837659 a prime number?
True
Is 6962600701 a composite number?
True
Is 19248553 prime?
True
Is 192486487 